
True
Is 197306521 a prime number?
False
Is 219699817 a prime number?
True
Is 44741831 a composite number?
True
Is 174904547 a prime number?
True
Is 357176723 a prime number?
False
Is 658368553 prime?
True
Is 1484818 a prime number?
False
Is 23041951 a prime number?
True
Is 29377787 a prime number?
True
Is 971171 a prime number?
True
Is 9325057 a prime number?
False
Is 2570873 a prime number?
False
Is 2406433 a prime number?
False
Is 26797 a prime number?
False
Is 38217083 a prime number?
False
Is 7746301 a composite number?
False
Is 196081 prime?
True
Is 12767129 a composite number?
True
Is 4052435 composite?
True
Is 1376551 composite?
True
Is 28994509 composite?
True
Is 26807449 a composite number?
True
Is 279299337 composite?
True
Is 30977801 a prime number?
False
Is 295084387 a prime number?
False
Is 2477069 a composite number?
True
Is 71513503 prime?
True
Is 17336537 composite?
True
Is 16954957 a composite number?
False
Is 7778143 composite?
True
Is 566887 a composite number?
True
Is 8198479 a composite number?
False
Is 197219 composite?
True
Is 4405409 a composite number?
True
Is 6475151 prime?
False
Is 1708159 composite?
False
Is 224508279 prime?
False
Is 14545331 prime?
True
Is 126598295 composite?
True
Is 3886991 a composite number?
False
Is 4428689 prime?
True
Is 54521639 a prime number?
True
Is 2375411 a prime number?
True
Is 109569901 composite?
True
Is 2133338 a composite number?
True
Is 38202263 a composite number?
True
Is 7534261 a prime number?
False
Is 232742231 a composite number?
False
Is 93573391 composite?
True
Is 7971935 prime?
False
Is 96340913 prime?
True
Is 2546891 composite?
False
Is 176081 a composite number?
False
Is 8641573 composite?
True
Is 128200151 prime?
True
Is 36769331 composite?
True
Is 1849487 a prime number?
True
Is 360940901 prime?
True
Is 8287067 a composite number?
False
Is 2767799 a composite number?
False
Is 219899 prime?
False
Is 767945 prime?
False
Is 77940143 a composite number?
False
Is 536483379 prime?
False
Is 73665509 prime?
True
Is 30214999 a composite number?
False
Is 165740957 a composite number?
True
Is 2527321 composite?
True
Is 207410198 a composite number?
True
Is 98843 a prime number?
False
Is 115281769 prime?
False
Is 361729 composite?
True
Is 71380261 a composite number?
False
Is 9770329 prime?
True
Is 22256639 prime?
True
Is 8714903 prime?
True
Is 31951753 a composite number?
False
Is 269429 a composite number?
False
Is 9156947 composite?
True
Is 4558741 prime?
False
Is 244075873 a prime number?
True
Is 416579 a prime number?
True
Is 89896591 a composite number?
False
Is 200260351 composite?
False
Is 24411091 prime?
True
Is 156561791 a prime number?
True
Is 3096791 a composite number?
True
Is 25633347 a prime number?
False
Is 9405287 composite?
False
Is 744647 prime?
False
Is 139793 prime?
False
Is 35021485 a prime number?
False
Is 2516329 a prime number?
False
Is 690166873 composite?
True
Is 11349953 a composite number?
False
Is 1984883 a prime number?
False
Is 12535343 a prime number?
True
Is 28168253 prime?
False
Is 115515219 a composite number?
True
Is 2054285 a composite number?
True
Is 24757679 a prime number?
True
Is 1158893 prime?
False
Is 4901357 a composite number?
False
Is 71856367 prime?
False
Is 184112977 composite?
False
Is 1383829 prime?
True
Is 36600943 composite?
False
Is 52121099 a prime number?
False
Is 4106381 a prime number?
True
Is 151091 composite?
False
Is 3778009 a composite number?
True
Is 3814957 a prime number?
True
Is 20517479 composite?
False
Is 4566479 a prime number?
False
Is 1979891 a composite number?
False
Is 9656653 a prime number?
False
Is 120096349 prime?
False
Is 878369 composite?
True
Is 79119589 a composite number?
False
Is 95190371 a composite number?
False
Is 349903 prime?
True
Is 481187063 prime?
False
Is 7510429 a composite number?
False
Is 96024037 prime?
True
Is 36152449 composite?
False
Is 57672253 a prime number?
True
Is 168682431 composite?
True
Is 144600193 a composite number?
True
Is 37895369 a composite number?
False
Is 210187 composite?
False
Is 451400357 a prime number?
True
Is 558196871 prime?
True
Is 1604809 prime?
True
Is 6521209 a prime number?
True
Is 21221367 prime?
False
Is 262621 a composite number?
False
Is 1004797 composite?
False
Is 8665409 prime?
True
Is 1350306443 a prime number?
False
Is 7248523 composite?
True
Is 371801 a prime number?
False
Is 587482433 a prime number?
False
Is 421909 composite?
True
Is 1625969 a prime number?
True
Is 40548401 composite?
False
Is 18418 a prime number?
False
Is 125895761 prime?
False
Is 1640745749 a prime number?
False
Is 77104229 prime?
True
Is 2820031 prime?
True
Is 4044778 composite?
True
Is 182549 composite?
False
Is 126253 a prime number?
False
Is 4145689 composite?
False
Is 6706459 a prime number?
True
Is 95987 a composite number?
False
Is 759471601 prime?
False
Is 27132353 a composite number?
True
Is 19935667 prime?
True
Is 3783211 composite?
False
Is 1482407 composite?
False
Is 5361487 composite?
True
Is 119369291 a composite number?
True
Is 4084769 composite?
True
Is 1444319 composite?
True
Is 10974351 composite?
True
Is 47726891 a composite number?
False
Is 2666542 composite?
True
Is 48464743 a prime number?
True
Is 6976993 prime?
True
Is 3333062 a prime number?
False
Is 5716553 composite?
False
Is 3808709 a prime number?
True
Is 81221873 a composite number?
False
Is 6989285 a prime number?
False
Is 20673859 a composite number?
False
Is 11331449 prime?
False
Is 1585747 composite?
False
Is 10390306 prime?
False
Is 178521833 prime?
False
Is 10412737 composite?
False
Is 88456367 a prime number?
False
Is 44885053 prime?
True
Is 1719317 a prime number?
True
Is 48367 a prime number?
False
Is 1954657 a prime number?
False
Is 5397545 a composite number?
True
Is 694313 prime?
True
Is 361444519 composite?
False
Is 119819863 prime?
False
Is 68251669 prime?
False
Is 151112279 a prime number?
True
Is 979987 a composite number?
False
Is 156059567 a prime number?
True
Is 647131 prime?
True
Is 1034745539 a prime number?
False
Is 5652487 composite?
True
Is 2435689 a prime number?
True
Is 1261993 prime?
False
Is 13517267 a prime number?
True
Is 784828061 a prime number?
True
Is 39580223 a composite number?
True
Is 8924207 a composite number?
True
Is 5281711 a prime number?
True
Is 8827237 a prime number?
True
Is 26493767 prime?
True
Is 189984079 a composite number?
False
Is 2739479 a prime number?
True
Is 37647353 composite?
True
Is 20119067 a composite number?
True
Is 95814953 a prime number?
False
Is 131000381 prime?
True
Is 288969997 composite?
True
Is 26826721 prime?
True
Is 159105979 a composite number?
False
Is 315781 a composite number?
True
Is 42201659 composite?
True
Is 167099 prime?
True
Is 3046427 composite?
False
Is 8714821 a composite number?
False
Is 12011171 prime?
True
Is 23677457 composite?
False
Is 864077069 a composite number?
True
Is 6715637 composite?
False
Is 498265609 prime?
True
Is 36461453 prime?
False
Is 223467 prime?
False
Is 31993349 prime?
True
Is 173993 a prime number?
True
Is 481463 prime?
False
Is 1931983 composite?
False
Is 654141 prime?
False
Is 22144103 prime?
False
Is 302672587 prime?
False
Is 66646991 a prime number?
True
Is 215235833 a prime number?
True
Is 8300783 a composite number?
False
Is 1773571 a prime number?
True
Is 530555393 composite?
False
Is 1898251 prime?
False
Is 3875429 a composite number?
False
Is 2033657 composite?
False
Is 6442923 prime?
False
Is 5501053 a composite number?
True
Is 1358414 prime?
False
Is 555887 prime?
False
Is 1311603 a prime number?
False
Is 85561849 prime?
True
Is 19774817 composite?
False
Is 186668501 a composite number?
True
Is 439363 composite?
True
Is 244721 prime?
True
Is 1837499 a prime number?
False
Is 2257909 prime?
True
Is 193978247 prime?
False
Is 2634545 a prime number?
False
Is 3993833 composite?
False
Is 3970949 composite?
False
Is 29905823 prime?
True
Is 28767307 a prime number?
True
Is 1766441 composite?
False
Is 2845999 composite?
True
Is 6084335 a composite number?
True
Is 1225711 prime?
False
Is 32056379 composite?
True
Is 4824577 composite?
True
Is 5140237 a composite number?
False
Is 6277571 a composite number?
True
Is 15641659 a composite number?
True
Is 202892995 composite?
True
Is 4000